{"id":194,"date":"2014-05-14T16:48:05","date_gmt":"2014-05-14T15:48:05","guid":{"rendered":"http:\/\/maximumvalue.ch\/new\/?page_id=194"},"modified":"2026-03-13T16:11:30","modified_gmt":"2026-03-13T15:11:30","slug":"our-team","status":"publish","type":"page","link":"https:\/\/www.maximumvalue.ch\/?page_id=194","title":{"rendered":"A propos de nous"},"content":{"rendered":"<div class=\"flex_column av_one_full  flex_column_div first  avia-builder-el-0  el_before_av_hr  avia-builder-el-first  \" ><article  class=\"iconbox iconbox_left    avia-builder-el-1  avia-builder-el-no-sibling  \"  itemscope=\"itemscope\" itemtype=\"https:\/\/schema.org\/CreativeWork\" ><div class=\"iconbox_content\"><header class=\"entry-content-header\"><div class=\"iconbox_icon heading-color\" aria-hidden='true' data-av_icon='\ue80b' data-av_iconfont='entypo-fontello'  ><\/div><h3 class='iconbox_content_title  '  itemprop=\"headline\"  >L\u2019\u00e9quipe<\/h3><\/header><div class='iconbox_content_container  '  itemprop=\"text\"  ><p>Fond\u00e9e en 2012, la fiduciaire\u00a0Maximum Value S\u00e0rl est compos\u00e9e de sp\u00e9cialistes couvrant les domaines du conseil, de la fiscalit\u00e9, de la gestion, du marketing, ainsi que six langues.<\/p>\n<p>Notre profil vari\u00e9 nous permet de r\u00e9pondre \u00e0 des probl\u00e9matiques\u00a0diverses concernant\u00a0la gestion d\u2019entreprise, le financement immobilier ainsi que la comptabilit\u00e9.<\/p>\n<p>Notre\u00a0exp\u00e9rience propre ainsi que notre\u00a0polyvalence nous ont habitu\u00e9s \u00e0 adopter un regard global et transversal sur les projets qui nous\u00a0sont confi\u00e9s et contribueront \u00e0 apporter des solutions et des propositions concr\u00e8tes.<\/p>\n<\/div><\/div><footer class=\"entry-footer\"><\/footer><\/article><\/div>\n<div   class='hr hr-default   avia-builder-el-2  el_after_av_one_full  el_before_av_team_member '><span class='hr-inner ' ><span class='hr-inner-style'><\/span><\/span><\/div>\n<section  class='avia-team-member   avia-builder-el-3  el_after_av_hr  el_before_av_hr '  itemscope=\"itemscope\" itemtype=\"https:\/\/schema.org\/Person\" ><div class='team-img-container'><img decoding=\"async\" width=\"230\" height=\"300\" class='wp-image-5498 avia-img-lazy-loading-not-5498 avia_image avia_image_team av-team-img-original' src=\"http:\/\/www.maximumvalue.ch\/wp-content\/uploads\/2025\/01\/13-1-230x300.jpg\" alt='Vassilios Ifantidis'  itemprop=\"image\" srcset=\"https:\/\/www.maximumvalue.ch\/wp-content\/uploads\/2025\/01\/13-1-230x300.jpg 230w, https:\/\/www.maximumvalue.ch\/wp-content\/uploads\/2025\/01\/13-1-790x1030.jpg 790w, https:\/\/www.maximumvalue.ch\/wp-content\/uploads\/2025\/01\/13-1-768x1001.jpg 768w, https:\/\/www.maximumvalue.ch\/wp-content\/uploads\/2025\/01\/13-1-1178x1536.jpg 1178w, https:\/\/www.maximumvalue.ch\/wp-content\/uploads\/2025\/01\/13-1-1571x2048.jpg 1571w, https:\/\/www.maximumvalue.ch\/wp-content\/uploads\/2025\/01\/13-1-1151x1500.jpg 1151w, https:\/\/www.maximumvalue.ch\/wp-content\/uploads\/2025\/01\/13-1-541x705.jpg 541w, https:\/\/www.maximumvalue.ch\/wp-content\/uploads\/2025\/01\/13-1-scaled.jpg 1964w\" sizes=\"(max-width: 230px) 100vw, 230px\" \/><\/div><h3 class='team-member-name'    itemprop=\"name\" >Vassilios Ifantidis<\/h3><div class='team-member-job-title '   itemprop=\"jobTitle\" >Directeur G\u00e9n\u00e9ral <\/div><span class='hidden team-member-affiliation'  itemprop=\"affiliation\" >Maximum Value Sarl<\/span><\/section>\n<div   class='hr hr-default   avia-builder-el-4  el_after_av_team_member  el_before_av_team_member '><span class='hr-inner ' ><span class='hr-inner-style'><\/span><\/span><\/div>\n<section  class='avia-team-member   avia-builder-el-5  el_after_av_hr  el_before_av_team_member '  itemscope=\"itemscope\" itemtype=\"https:\/\/schema.org\/Person\" ><div class='team-img-container'><img decoding=\"async\" width=\"222\" height=\"300\" class='wp-image-5547 avia-img-lazy-loading-not-5547 avia_image avia_image_team av-team-img-original' src=\"http:\/\/www.maximumvalue.ch\/wp-content\/uploads\/2025\/01\/19-1-222x300.jpg\" alt='Vasiliki Vourgioti'  itemprop=\"image\" srcset=\"https:\/\/www.maximumvalue.ch\/wp-content\/uploads\/2025\/01\/19-1-222x300.jpg 222w, https:\/\/www.maximumvalue.ch\/wp-content\/uploads\/2025\/01\/19-1-761x1030.jpg 761w, https:\/\/www.maximumvalue.ch\/wp-content\/uploads\/2025\/01\/19-1-768x1040.jpg 768w, https:\/\/www.maximumvalue.ch\/wp-content\/uploads\/2025\/01\/19-1-1135x1536.jpg 1135w, https:\/\/www.maximumvalue.ch\/wp-content\/uploads\/2025\/01\/19-1-1108x1500.jpg 1108w, https:\/\/www.maximumvalue.ch\/wp-content\/uploads\/2025\/01\/19-1-521x705.jpg 521w, https:\/\/www.maximumvalue.ch\/wp-content\/uploads\/2025\/01\/19-1.jpg 1182w\" sizes=\"(max-width: 222px) 100vw, 222px\" \/><\/div><h3 class='team-member-name'    itemprop=\"name\" >Vasiliki Vourgioti<\/h3><div class='team-member-job-title '   itemprop=\"jobTitle\" >Responsable de gestion financi\u00e8re<\/div><span class='hidden team-member-affiliation'  itemprop=\"affiliation\" >Maximum Value Sarl<\/span><\/section>\n<section  class='avia-team-member   avia-builder-el-6  el_after_av_team_member  el_before_av_team_member '  itemscope=\"itemscope\" itemtype=\"https:\/\/schema.org\/Person\" ><div class='team-img-container'><img decoding=\"async\" width=\"200\" height=\"300\" class='wp-image-5576 avia-img-lazy-loading-not-5576 avia_image avia_image_team av-team-img-original' src=\"http:\/\/www.maximumvalue.ch\/wp-content\/uploads\/2025\/01\/28-D.M-1-200x300.jpg\" alt='Didier Meister'  itemprop=\"image\" srcset=\"https:\/\/www.maximumvalue.ch\/wp-content\/uploads\/2025\/01\/28-D.M-1-200x300.jpg 200w, https:\/\/www.maximumvalue.ch\/wp-content\/uploads\/2025\/01\/28-D.M-1-687x1030.jpg 687w, https:\/\/www.maximumvalue.ch\/wp-content\/uploads\/2025\/01\/28-D.M-1-768x1152.jpg 768w, https:\/\/www.maximumvalue.ch\/wp-content\/uploads\/2025\/01\/28-D.M-1-1024x1536.jpg 1024w, https:\/\/www.maximumvalue.ch\/wp-content\/uploads\/2025\/01\/28-D.M-1-1365x2048.jpg 1365w, https:\/\/www.maximumvalue.ch\/wp-content\/uploads\/2025\/01\/28-D.M-1-1000x1500.jpg 1000w, https:\/\/www.maximumvalue.ch\/wp-content\/uploads\/2025\/01\/28-D.M-1-470x705.jpg 470w, https:\/\/www.maximumvalue.ch\/wp-content\/uploads\/2025\/01\/28-D.M-1-scaled.jpg 1706w\" sizes=\"(max-width: 200px) 100vw, 200px\" \/><\/div><h3 class='team-member-name'    itemprop=\"name\" >Didier Meister<\/h3><div class='team-member-job-title '   itemprop=\"jobTitle\" >Chef comptable et fiscal<\/div><span class='hidden team-member-affiliation'  itemprop=\"affiliation\" >Maximum Value Sarl<\/span><\/section>\n<section  class='avia-team-member   avia-builder-el-7  el_after_av_team_member  el_before_av_team_member '  itemscope=\"itemscope\" itemtype=\"https:\/\/schema.org\/Person\" ><div class='team-img-container'><img decoding=\"async\" width=\"226\" height=\"300\" class='wp-image-5505 avia-img-lazy-loading-not-5505 avia_image avia_image_team av-team-img-original' src=\"http:\/\/www.maximumvalue.ch\/wp-content\/uploads\/2025\/01\/A.O-1-226x300.jpg\" alt='Ana Maria Ocampo'  itemprop=\"image\" srcset=\"https:\/\/www.maximumvalue.ch\/wp-content\/uploads\/2025\/01\/A.O-1-226x300.jpg 226w, https:\/\/www.maximumvalue.ch\/wp-content\/uploads\/2025\/01\/A.O-1-532x705.jpg 532w, https:\/\/www.maximumvalue.ch\/wp-content\/uploads\/2025\/01\/A.O-1.jpg 613w\" sizes=\"(max-width: 226px) 100vw, 226px\" \/><\/div><h3 class='team-member-name'    itemprop=\"name\" >Ana Maria Ocampo<\/h3><div class='team-member-job-title '   itemprop=\"jobTitle\" >Administration<\/div><span class='hidden team-member-affiliation'  itemprop=\"affiliation\" >Maximum Value Sarl<\/span><\/section>\n<section  class='avia-team-member   avia-builder-el-8  el_after_av_team_member  el_before_av_team_member '  itemscope=\"itemscope\" itemtype=\"https:\/\/schema.org\/Person\" ><div class='team-img-container'><img decoding=\"async\" width=\"225\" height=\"300\" class='wp-image-5617 avia-img-lazy-loading-not-5617 avia_image avia_image_team av-team-img-original' src=\"http:\/\/www.maximumvalue.ch\/wp-content\/uploads\/2026\/01\/PHOTOS-SITE-225x300.jpg\" alt='Lina Clostre'  itemprop=\"image\" srcset=\"https:\/\/www.maximumvalue.ch\/wp-content\/uploads\/2026\/01\/PHOTOS-SITE-225x300.jpg 225w, https:\/\/www.maximumvalue.ch\/wp-content\/uploads\/2026\/01\/PHOTOS-SITE-773x1030.jpg 773w, https:\/\/www.maximumvalue.ch\/wp-content\/uploads\/2026\/01\/PHOTOS-SITE-768x1024.jpg 768w, https:\/\/www.maximumvalue.ch\/wp-content\/uploads\/2026\/01\/PHOTOS-SITE-1152x1536.jpg 1152w, https:\/\/www.maximumvalue.ch\/wp-content\/uploads\/2026\/01\/PHOTOS-SITE-1536x2048.jpg 1536w, https:\/\/www.maximumvalue.ch\/wp-content\/uploads\/2026\/01\/PHOTOS-SITE-1125x1500.jpg 1125w, https:\/\/www.maximumvalue.ch\/wp-content\/uploads\/2026\/01\/PHOTOS-SITE-529x705.jpg 529w, https:\/\/www.maximumvalue.ch\/wp-content\/uploads\/2026\/01\/PHOTOS-SITE-scaled.jpg 1920w\" sizes=\"(max-width: 225px) 100vw, 225px\" \/><\/div><h3 class='team-member-name'    itemprop=\"name\" >Lina Clostre<\/h3><div class='team-member-job-title '   itemprop=\"jobTitle\" >Apprentie administration<\/div><span class='hidden team-member-affiliation'  itemprop=\"affiliation\" >Maximum Value Sarl<\/span><\/section>\n<section  class='avia-team-member   avia-builder-el-9  el_after_av_team_member  el_before_av_team_member '  itemscope=\"itemscope\" itemtype=\"https:\/\/schema.org\/Person\" ><div class='team-img-container'><img decoding=\"async\" width=\"231\" height=\"300\" class='wp-image-5526 avia-img-lazy-loading-not-5526 avia_image avia_image_team av-team-img-original' src=\"http:\/\/www.maximumvalue.ch\/wp-content\/uploads\/2025\/01\/49-1-231x300.jpg\" alt='Panagiotis Ifantidis'  itemprop=\"image\" srcset=\"https:\/\/www.maximumvalue.ch\/wp-content\/uploads\/2025\/01\/49-1-231x300.jpg 231w, https:\/\/www.maximumvalue.ch\/wp-content\/uploads\/2025\/01\/49-1-795x1030.jpg 795w, https:\/\/www.maximumvalue.ch\/wp-content\/uploads\/2025\/01\/49-1-768x996.jpg 768w, https:\/\/www.maximumvalue.ch\/wp-content\/uploads\/2025\/01\/49-1-1185x1536.jpg 1185w, https:\/\/www.maximumvalue.ch\/wp-content\/uploads\/2025\/01\/49-1-1580x2048.jpg 1580w, https:\/\/www.maximumvalue.ch\/wp-content\/uploads\/2025\/01\/49-1-1157x1500.jpg 1157w, https:\/\/www.maximumvalue.ch\/wp-content\/uploads\/2025\/01\/49-1-544x705.jpg 544w, https:\/\/www.maximumvalue.ch\/wp-content\/uploads\/2025\/01\/49-1-scaled.jpg 1975w\" sizes=\"(max-width: 231px) 100vw, 231px\" \/><\/div><h3 class='team-member-name'    itemprop=\"name\" >Panagiotis Ifantidis<\/h3><div class='team-member-job-title '   itemprop=\"jobTitle\" >Chef des ventes<\/div><span class='hidden team-member-affiliation'  itemprop=\"affiliation\" >Maximum Value Sarl<\/span><\/section>\n<section  class='avia-team-member   avia-builder-el-10  el_after_av_team_member  el_before_av_team_member '  itemscope=\"itemscope\" itemtype=\"https:\/\/schema.org\/Person\" ><div class='team-img-container'><img decoding=\"async\" width=\"222\" height=\"300\" class='wp-image-5625 avia-img-lazy-loading-not-5625 avia_image avia_image_team av-team-img-original' src=\"http:\/\/www.maximumvalue.ch\/wp-content\/uploads\/2026\/01\/test-222x300.jpg\" alt='Matthias Guillermet'  itemprop=\"image\" srcset=\"https:\/\/www.maximumvalue.ch\/wp-content\/uploads\/2026\/01\/test-222x300.jpg 222w, https:\/\/www.maximumvalue.ch\/wp-content\/uploads\/2026\/01\/test-762x1030.jpg 762w, https:\/\/www.maximumvalue.ch\/wp-content\/uploads\/2026\/01\/test-768x1038.jpg 768w, https:\/\/www.maximumvalue.ch\/wp-content\/uploads\/2026\/01\/test-1137x1536.jpg 1137w, https:\/\/www.maximumvalue.ch\/wp-content\/uploads\/2026\/01\/test-1516x2048.jpg 1516w, https:\/\/www.maximumvalue.ch\/wp-content\/uploads\/2026\/01\/test-1110x1500.jpg 1110w, https:\/\/www.maximumvalue.ch\/wp-content\/uploads\/2026\/01\/test-522x705.jpg 522w, https:\/\/www.maximumvalue.ch\/wp-content\/uploads\/2026\/01\/test-scaled.jpg 1895w\" sizes=\"(max-width: 222px) 100vw, 222px\" \/><\/div><h3 class='team-member-name'    itemprop=\"name\" >Matthias Guillermet<\/h3><div class='team-member-job-title '   itemprop=\"jobTitle\" >Conseiller financier<\/div><span class='hidden team-member-affiliation'  itemprop=\"affiliation\" >Maximum Value Sarl<\/span><\/section>\n<section  class='avia-team-member   avia-builder-el-11  el_after_av_team_member  el_before_av_team_member '  itemscope=\"itemscope\" itemtype=\"https:\/\/schema.org\/Person\" ><div class='team-img-container'><img decoding=\"async\" width=\"208\" height=\"300\" class='wp-image-5512 avia-img-lazy-loading-not-5512 avia_image avia_image_team av-team-img-original' src=\"http:\/\/www.maximumvalue.ch\/wp-content\/uploads\/2025\/01\/43-1-208x300.jpg\" alt='Udval Sumiya'  itemprop=\"image\" srcset=\"https:\/\/www.maximumvalue.ch\/wp-content\/uploads\/2025\/01\/43-1-208x300.jpg 208w, https:\/\/www.maximumvalue.ch\/wp-content\/uploads\/2025\/01\/43-1-716x1030.jpg 716w, https:\/\/www.maximumvalue.ch\/wp-content\/uploads\/2025\/01\/43-1-768x1105.jpg 768w, https:\/\/www.maximumvalue.ch\/wp-content\/uploads\/2025\/01\/43-1-1067x1536.jpg 1067w, https:\/\/www.maximumvalue.ch\/wp-content\/uploads\/2025\/01\/43-1-1423x2048.jpg 1423w, https:\/\/www.maximumvalue.ch\/wp-content\/uploads\/2025\/01\/43-1-1042x1500.jpg 1042w, https:\/\/www.maximumvalue.ch\/wp-content\/uploads\/2025\/01\/43-1-490x705.jpg 490w, https:\/\/www.maximumvalue.ch\/wp-content\/uploads\/2025\/01\/43-1-scaled.jpg 1779w\" sizes=\"(max-width: 208px) 100vw, 208px\" \/><\/div><h3 class='team-member-name'    itemprop=\"name\" >Udval Sumiya<\/h3><div class='team-member-job-title '   itemprop=\"jobTitle\" >Comptable<\/div><span class='hidden team-member-affiliation'  itemprop=\"affiliation\" >Maximum Value Sarl<\/span><\/section>\n<section  class='avia-team-member   avia-builder-el-12  el_after_av_team_member  el_before_av_team_member '  itemscope=\"itemscope\" itemtype=\"https:\/\/schema.org\/Person\" ><div class='team-img-container'><img decoding=\"async\" width=\"200\" height=\"300\" class='wp-image-5487 avia-img-lazy-loading-not-5487 avia_image avia_image_team av-team-img-original' src=\"http:\/\/www.maximumvalue.ch\/wp-content\/uploads\/2025\/01\/PHOTO-2024-12-11-18-27-22-200x300.jpg\" alt='Guillaume Deslandes'  itemprop=\"image\" srcset=\"https:\/\/www.maximumvalue.ch\/wp-content\/uploads\/2025\/01\/PHOTO-2024-12-11-18-27-22-200x300.jpg 200w, https:\/\/www.maximumvalue.ch\/wp-content\/uploads\/2025\/01\/PHOTO-2024-12-11-18-27-22-686x1030.jpg 686w, https:\/\/www.maximumvalue.ch\/wp-content\/uploads\/2025\/01\/PHOTO-2024-12-11-18-27-22-768x1153.jpg 768w, https:\/\/www.maximumvalue.ch\/wp-content\/uploads\/2025\/01\/PHOTO-2024-12-11-18-27-22-1023x1536.jpg 1023w, https:\/\/www.maximumvalue.ch\/wp-content\/uploads\/2025\/01\/PHOTO-2024-12-11-18-27-22-999x1500.jpg 999w, https:\/\/www.maximumvalue.ch\/wp-content\/uploads\/2025\/01\/PHOTO-2024-12-11-18-27-22-470x705.jpg 470w, https:\/\/www.maximumvalue.ch\/wp-content\/uploads\/2025\/01\/PHOTO-2024-12-11-18-27-22.jpg 1066w\" sizes=\"(max-width: 200px) 100vw, 200px\" \/><\/div><h3 class='team-member-name'    itemprop=\"name\" >Guillaume Deslandes<\/h3><div class='team-member-job-title '   itemprop=\"jobTitle\" >Comptable <\/div><span class='hidden team-member-affiliation'  itemprop=\"affiliation\" >Maximum Value Sarl<\/span><\/section>\n<section  class='avia-team-member   avia-builder-el-13  el_after_av_team_member  el_before_av_team_member '  itemscope=\"itemscope\" itemtype=\"https:\/\/schema.org\/Person\" ><div class='team-img-container'><img decoding=\"async\" width=\"200\" height=\"300\" class='wp-image-5562 avia-img-lazy-loading-not-5562 avia_image avia_image_team av-team-img-original' src=\"http:\/\/www.maximumvalue.ch\/wp-content\/uploads\/2025\/01\/06-1-200x300.jpg\" alt='Giovanny Mendez'  itemprop=\"image\" srcset=\"https:\/\/www.maximumvalue.ch\/wp-content\/uploads\/2025\/01\/06-1-200x300.jpg 200w, https:\/\/www.maximumvalue.ch\/wp-content\/uploads\/2025\/01\/06-1-687x1030.jpg 687w, https:\/\/www.maximumvalue.ch\/wp-content\/uploads\/2025\/01\/06-1-768x1152.jpg 768w, https:\/\/www.maximumvalue.ch\/wp-content\/uploads\/2025\/01\/06-1-1024x1536.jpg 1024w, https:\/\/www.maximumvalue.ch\/wp-content\/uploads\/2025\/01\/06-1-1365x2048.jpg 1365w, https:\/\/www.maximumvalue.ch\/wp-content\/uploads\/2025\/01\/06-1-1000x1500.jpg 1000w, https:\/\/www.maximumvalue.ch\/wp-content\/uploads\/2025\/01\/06-1-470x705.jpg 470w, https:\/\/www.maximumvalue.ch\/wp-content\/uploads\/2025\/01\/06-1-scaled.jpg 1706w\" sizes=\"(max-width: 200px) 100vw, 200px\" \/><\/div><h3 class='team-member-name'    itemprop=\"name\" >Giovanny Mendez<\/h3><div class='team-member-job-title '   itemprop=\"jobTitle\" >Comptable<\/div><span class='hidden team-member-affiliation'  itemprop=\"affiliation\" >Maximum Value Sarl<\/span><\/section>\n<section  class='avia-team-member   avia-builder-el-14  el_after_av_team_member  el_before_av_team_member '  itemscope=\"itemscope\" itemtype=\"https:\/\/schema.org\/Person\" ><div class='team-img-container'><img decoding=\"async\" width=\"226\" height=\"300\" class='wp-image-5533 avia-img-lazy-loading-not-5533 avia_image avia_image_team av-team-img-original' src=\"http:\/\/www.maximumvalue.ch\/wp-content\/uploads\/2025\/01\/44-1-226x300.jpg\" alt='Catia Vieira'  itemprop=\"image\" srcset=\"https:\/\/www.maximumvalue.ch\/wp-content\/uploads\/2025\/01\/44-1-226x300.jpg 226w, https:\/\/www.maximumvalue.ch\/wp-content\/uploads\/2025\/01\/44-1-775x1030.jpg 775w, https:\/\/www.maximumvalue.ch\/wp-content\/uploads\/2025\/01\/44-1-768x1020.jpg 768w, https:\/\/www.maximumvalue.ch\/wp-content\/uploads\/2025\/01\/44-1-1156x1536.jpg 1156w, https:\/\/www.maximumvalue.ch\/wp-content\/uploads\/2025\/01\/44-1-1541x2048.jpg 1541w, https:\/\/www.maximumvalue.ch\/wp-content\/uploads\/2025\/01\/44-1-1129x1500.jpg 1129w, https:\/\/www.maximumvalue.ch\/wp-content\/uploads\/2025\/01\/44-1-531x705.jpg 531w, https:\/\/www.maximumvalue.ch\/wp-content\/uploads\/2025\/01\/44-1-scaled.jpg 1927w\" sizes=\"(max-width: 226px) 100vw, 226px\" \/><\/div><h3 class='team-member-name'    itemprop=\"name\" >Catia Vieira<\/h3><div class='team-member-job-title '   itemprop=\"jobTitle\" >Fiscaliste<\/div><span class='hidden team-member-affiliation'  itemprop=\"affiliation\" >Maximum Value Sarl<\/span><\/section>\n<section  class='avia-team-member   avia-builder-el-15  el_after_av_team_member  avia-builder-el-last '  itemscope=\"itemscope\" itemtype=\"https:\/\/schema.org\/Person\" ><div class='team-img-container'><img decoding=\"async\" width=\"225\" height=\"300\" class='wp-image-5604 avia-img-lazy-loading-not-5604 avia_image avia_image_team av-team-img-original' src=\"http:\/\/www.maximumvalue.ch\/wp-content\/uploads\/2026\/01\/IMG_6890-225x300.jpg\" alt='Stefanos Ladoukakis'  itemprop=\"image\" srcset=\"https:\/\/www.maximumvalue.ch\/wp-content\/uploads\/2026\/01\/IMG_6890-225x300.jpg 225w, https:\/\/www.maximumvalue.ch\/wp-content\/uploads\/2026\/01\/IMG_6890-773x1030.jpg 773w, https:\/\/www.maximumvalue.ch\/wp-content\/uploads\/2026\/01\/IMG_6890-768x1024.jpg 768w, https:\/\/www.maximumvalue.ch\/wp-content\/uploads\/2026\/01\/IMG_6890-1152x1536.jpg 1152w, https:\/\/www.maximumvalue.ch\/wp-content\/uploads\/2026\/01\/IMG_6890-1536x2048.jpg 1536w, https:\/\/www.maximumvalue.ch\/wp-content\/uploads\/2026\/01\/IMG_6890-1125x1500.jpg 1125w, https:\/\/www.maximumvalue.ch\/wp-content\/uploads\/2026\/01\/IMG_6890-529x705.jpg 529w, https:\/\/www.maximumvalue.ch\/wp-content\/uploads\/2026\/01\/IMG_6890-scaled.jpg 1920w\" sizes=\"(max-width: 225px) 100vw, 225px\" \/><\/div><h3 class='team-member-name'    itemprop=\"name\" >Stefanos Ladoukakis<\/h3><div class='team-member-job-title '   itemprop=\"jobTitle\" >Aide comptable<\/div><span class='hidden team-member-affiliation'  itemprop=\"affiliation\" >Maximum Value Sarl<\/span><\/section>\n","protected":false},"excerpt":{"rendered":"","protected":false},"author":1,"featured_media":0,"parent":0,"menu_order":0,"comment_status":"closed","ping_status":"closed","template":"","meta":{"footnotes":""},"class_list":["post-194","page","type-page","status-publish","hentry"],"_links":{"self":[{"href":"https:\/\/www.maximumvalue.ch\/index.php?rest_route=\/wp\/v2\/pages\/194","targetHints":{"allow":["GET"]}}],"collection":[{"href":"https:\/\/www.maximumvalue.ch\/index.php?rest_route=\/wp\/v2\/pages"}],"about":[{"href":"https:\/\/www.maximumvalue.ch\/index.php?rest_route=\/wp\/v2\/types\/page"}],"author":[{"embeddable":true,"href":"https:\/\/www.maximumvalue.ch\/index.php?rest_route=\/wp\/v2\/users\/1"}],"replies":[{"embeddable":true,"href":"https:\/\/www.maximumvalue.ch\/index.php?rest_route=%2Fwp%2Fv2%2Fcomments&post=194"}],"version-history":[{"count":114,"href":"https:\/\/www.maximumvalue.ch\/index.php?rest_route=\/wp\/v2\/pages\/194\/revisions"}],"predecessor-version":[{"id":5643,"href":"https:\/\/www.maximumvalue.ch\/index.php?rest_route=\/wp\/v2\/pages\/194\/revisions\/5643"}],"wp:attachment":[{"href":"https:\/\/www.maximumvalue.ch\/index.php?rest_route=%2Fwp%2Fv2%2Fmedia&parent=194"}],"curies":[{"name":"wp","href":"https:\/\/api.w.org\/{rel}","templated":true}]}}